 thousands digit of 4232578886?
7
What is the millions digit of 1374833652?
4
What is the ten millions digit of 40165833?
4
What is the ten millions digit of 58413635?
5
What is the thousands digit of 82977851?
7
What is the hundred thousands digit of 966423355?
4
What is the ten thousands digit of 9751832?
5
What is the thousands digit of 5132995?
2
What is the hundred thousands digit of 2310952975?
9
What is the millions digit of 450980106?
0
What is the ten thousands digit of 22913641?
1
What is the hundreds digit of 46785280?
2
What is the ten millions digit of 588668973?
8
What is the tens digit of 6717949?
4
What is the thousands digit of 2539065213?
5
What is the units digit of 1682579686?
6
What is the millions digit of 46381748?
6
What is the ten millions digit of 38037897?
3
What is the hundreds digit of 66298024?
0
What is the hundreds digit of 1121862827?
8
What is the hundred thousands digit of 483375753?
3
What is the ten millions digit of 29712527?
2
What is the units digit of 113192627?
7
What is the hundred thousands digit of 273303689?
3
What is the thousands digit of 153027821?
7
What is the hundred millions digit of 471750022?
4
What is the tens digit of 20649444?
4
What is the hundred thousands digit of 174328?
1
What is the ten thousands digit of 1112219677?
1
What is the thousands digit of 7195292900?
2
What is the units digit of 327654642?
2
What is the hundreds digit of 3130547605?
6
What is the millions digit of 45717330?
5
What is the thousands digit of 31864477?
4
What is the thousands digit of 839213166?
3
What is the ten millions digit of 2370921212?
7
What is the millions digit of 3516494721?
6
What is the tens digit of 315082140?
4
What is the tens digit of 292144644?
4
What is the ten thousands digit of 82602596?
0
What is the hundred thousands digit of 1008342912?
3
What is the millions digit of 1180669447?
0
What is the billions digit of 2679880836?
2
What is the hundreds digit of 16534910?
9
What is the units digit of 438725260?
0
What is the ten thousands digit of 170626176?
2
What is the tens digit of 178183731?
3
What is the units digit of 1509974613?
3
What is the tens digit of 62283672?
7
What is the hundreds digit of 45134670?
6
What is the ten millions digit of 7105280366?
0
What is the hundred millions digit of 236262645?
2
What is the ten thousands digit of 37182714?
8
What is the ten thousands digit of 162598150?
9
What is the hundreds digit of 55329217?
2
What is the thousands digit of 69596513?
6
What is the thousands digit of 450738555?
8
What is the ten thousands digit of 17147964?
4
What is the hundreds digit of 72042300?
3
What is the thousands digit of 51291325?
1
What is the ten millions digit of 1018920854?
1
What is the hundred thousands digit of 244225225?
2
What is the hundred thousands digit of 152762687?
7
What is the thousands digit of 1518549760?
9
What is the ten thousands digit of 75567228?
6
What is the thousands digit of 361976492?
6
What is the hundred thousands digit of 9512856?
5
What is the hundred millions digit of 714383104?
7
What is the millions digit of 981778923?
1
What is the billions digit of 1624391547?
1
What is the millions digit of 1957018?
1
What is the thousands digit of 1026513805?
3
What is the hundred thousands digit of 104599132?
5
What is the ten thousands digit of 203271546?
7
What is the units digit of 26732988?
8
What is the hundred millions digit of 185066349?
1
What is the hundred thousands digit of 1273031274?
0
What is the hundreds digit of 799638?
6
What is the hundred thousands digit of 1636950331?
9
What is the ten millions digit of 65321133?
6
What is the hundred thousands digit of 27535495?
5
What is the ten thousands digit of 38617695?
1
What is the millions digit of 227150785?
7
What is the tens digit of 438188529?
2
What is the tens digit of 49768149?
4
What is the millions digit of 158282602?
8
What is the ten thousands digit of 4341070736?
7
What is the units digit of 878054421?
1
What is the tens digit of 6781121838?
3
What is the hundred thousands digit of 52640282?
6
What is the ten millions digit of 1308982697?
0
What is the ten thousands digit of 193100593?
0
What is the thousands digit of 11084478?
4
What is the ten millions digit of 48631533?
4
What is the hundred thousands digit of 131486275?
4
What is the millions digit of 293307024?
3
What is the hundreds digit of 26635766?
7
What is the hundreds digit of 90225542?
5
What is the ten millions digit of 1140918271?
4
What is the hundred thousands digit of 555354069?
3
What is the hundred millions digit of 203159340?
2
What is the tens digit of 147624826?
2
What is the ten thousands digit of 1038599049?
9
What is the millions digit of 1048849892?
8
What is the units digit of 93990425?
5
What is the units digit of 420173357?
7
What is the hundreds digit of 393614282?
2
What is the hundred millions digit of 376861720?
3
What is the thousands digit of 629772751?
2
What is the hundred thousands digit of 41403373?
4
What is the hundred thousands digit of 4267224?
2
What is the hundreds digit of 109619438?
4
What is the hundred thousands digit of 176340778?
3
What is the ten millions digit of 315180001?
1
What is the hundreds digit of 125071677?
6
What is the hundred millions digit of 385494500?
3
What is the units digit of 506809690?
0
What is the units digit of 30721207?
7
What is the ten thousands digit of 14469610?
6
What is the ten thousands digit of 2796287249?
8
What is the ten thousands digit of 7074247?
7
What is the thousands digit of 427821625?
1
What is the thousands digit of 1298712299?
2
What is the thousands digit of 148813765?
3
What is the ten millions digit of 967089020?
6
What is the ten thousands digit of 45867487?
6
What is the tens digit of 40985006?
0
What is the ten thousands digit of 56332172?
3
What is the millions digit of 93002318?
3
What is the units digit of 188447771?
1
What is the tens digit of 69083002?
0
What is the units digit of 59458487?
7
What is the hundreds digit of 58907225?
2
What is the units digit of 3286112?
2
What is the ten millions digit of 27561186?
2
What is the tens digit of 2089015658?
5
What is the ten millions digit of 30816518?
3
What is the ten millions digit of 216631776?
1
What is the hundreds digit of 111008775?
7
What is the tens digit of 220735001?
0
What is the hundred millions digit of 241567004?
2
What is the tens digit of 23828269?
6
What is the units digit of 5245840060?
0
What is the tens digit of 1097395756?
5
What is the hundreds digit of 2076994566?
5
What is the ten millions digit of 324670578?
2
What is the thousands digit of 102484139?
4
What is the ten thousands digit of 29251473?
5
What is the ten thousands digit of 20401041?
0
What is the millions digit of 325035656?
5
What is the thousands digit of 90395388?
5
What is the ten thousands digit of 294565120?
6
What is the hundreds digit of 261872923?
9
What is the tens digit of 91046730?
3
What is the hundred thousands digit of 45042499?
0
What is the hundred thousands digit of 761179073?
1
What is the hundred thousands digit of 164575493?
5
What is the ten millions digit of 1051692335?
5
What is the hundreds digit of 3587421688?
6
What is the hundred thousands digit of 78854760?
8
What is the thousands digit of 235605899?
5
What is the tens digit of 22352430?
3
What is the hundreds digit of 435141629?
6
What is the thousands digit of 13949002?
9
What is the hundreds digit of 120367412?
4
What is the ten thousands digit of 630555400?
5
What is the thousands digit of 629986908?
6
What is the ten millions digit of 341358576?
4
What is the hundreds digit of 232122527?
5
What is the ten thousands digit of 93166?
9
What is the ten thousands digit of 1333072520?
7
What is the ten thousands digit of 22166775?
6
What is the hundred thousands digit of 43773917?
7
What is the thousands digit of 442921603?
1
What is the units digit of 991328?
8
What is the ten thousands digit of 204047650?
4
What is the ten thousands digit of 995256068?
5
What is the thousands digit of 865603887?
3
What is the ten millions digit of 17398367?
1
What is the ten millions digit of 735566271?
3
What is the ten thousands digit of 554090709?
9
What is the millions digit of 741741617?
1
What is th